{"id":2,"date":"2014-12-22T16:58:12","date_gmt":"2014-12-22T16:58:12","guid":{"rendered":"http:\/\/localhost:8888\/capinyon\/?page_id=2"},"modified":"2026-02-19T19:45:45","modified_gmt":"2026-02-19T19:45:45","slug":"page-d-exemple","status":"publish","type":"page","link":"https:\/\/capitole-nyon.ch\/?page_id=2","title":{"rendered":"Location de salle"},"content":{"rendered":"<p style=\"text-align: left;\">Vous souhaitez organiser une projection pour votre entreprise, une conf\u00e9rence, une s\u00e9ance de cin\u00e9ma pour un anniversaire, pour vos classes d&rsquo;\u00e9cole ou simplement pour revoir entre amis votre film pr\u00e9f\u00e9r\u00e9 sur grand \u00e9cran ? Nous vous accueillons avec plaisir dans nos deux salles \u00e9quip\u00e9es du son Dolby Digital :<\/p>\n<p>Salle Leone 199 places Equip\u00e9e 2D, 3D et 35 mm<\/p>\n<p>Salle Fellini 80 places Equip\u00e9e digital 2D<\/p>\n<p>&nbsp;<\/p>\n<p>We welcome you with great pleasure in our two cinemas, equiped with Dolby Digital:<\/p>\n<p>Salle Leone 199 seats Equiped 2D, 3D and 35 mm<\/p>\n<p>Salle Fellini 80 seats Equiped digital 2D<\/p>\n<p>&nbsp;<\/p>\n<h3>Formule \u00ab\u00a0Sp\u00e9cial anniversaire\u00a0\u00bb<\/h3>\n<p>Notre forfait \u00e0 CHF 30.- par personne inclut :<\/p>\n<ul>\n<li>1 entr\u00e9e pour le film de votre choix<\/li>\n<li>1 petit pop-corn<\/li>\n<li>1 boisson \u00e0 choix<\/li>\n<li>1 portion de g\u00e2teau \u00e0 choisir entre: Tourte aux framboises, Tourte aux fruits, For\u00eat Noire ou Mille-feuilles<\/li>\n<\/ul>\n<p>&nbsp;<\/p>\n<h3>S\u00e9ances pour les \u00e9coles<\/h3>\n<p>Nous organisons r\u00e9guli\u00e8rement des s\u00e9ances scolaires que ce soit pour des s\u00e9ances de divertissement avant les vacances par exemple ou pour des projections de films en rapport avec une th\u00e9matique trait\u00e9e en classe. De plus, si vous le souhaitez, notre service de programmation se tient \u00e0 votre disposition pour trouver avec vous le film qui sera le mieux adapt\u00e9 \u00e0 la th\u00e9matique souhait\u00e9e et \u00e0 l&rsquo;\u00e2ge des spectateurs.<\/p>\n<p>&nbsp;<\/p>\n<h3>Disponibilit\u00e9<\/h3>\n<p>Toutes ces s\u00e9ances peuvent \u00eatre organis\u00e9es tous les jours de la semaine, sp\u00e9cialement le matin ou en tout d\u00e9but d&rsquo;apr\u00e8s-midi. Pour plus informations et pour les r\u00e9servations, merci de nous contacter avec vos coordonn\u00e9es compl\u00e8tes \u00e0 l\u2019adresse email <a href=\"mailto:info@capitole-nyon.ch\">info@capitole-nyon.ch<\/a><\/p>\n<p>&nbsp;<\/p>\n","protected":false},"excerpt":{"rendered":"<p>Vous souhaitez organiser une projection pour votre entreprise, une conf\u00e9rence, une s\u00e9ance de cin\u00e9ma pour un anniversaire, pour vos classes d&rsquo;\u00e9cole ou simplement pour revoir entre amis votre film pr\u00e9f\u00e9r\u00e9 sur grand \u00e9cran ? Nous vous accueillons avec plaisir dans nos deux salles \u00e9quip\u00e9es du son Dolby Digital : Salle Leone 199 places Equip\u00e9e 2D, <a class=\"btn btn-success btn-sm\" href=\"https:\/\/capitole-nyon.ch\/?page_id=2\">Read More&#8230;<\/a><\/p>\n","protected":false},"author":1,"featured_media":0,"parent":0,"menu_order":0,"comment_status":"open","ping_status":"open","template":"","meta":[],"_links":{"self":[{"href":"https:\/\/capitole-nyon.ch\/index.php?rest_route=\/wp\/v2\/pages\/2"}],"collection":[{"href":"https:\/\/capitole-nyon.ch\/index.php?rest_route=\/wp\/v2\/pages"}],"about":[{"href":"https:\/\/capitole-nyon.ch\/index.php?rest_route=\/wp\/v2\/types\/page"}],"author":[{"embeddable":true,"href":"https:\/\/capitole-nyon.ch\/index.php?rest_route=\/wp\/v2\/users\/1"}],"replies":[{"embeddable":true,"href":"https:\/\/capitole-nyon.ch\/index.php?rest_route=%2Fwp%2Fv2%2Fcomments&post=2"}],"version-history":[{"count":24,"href":"https:\/\/capitole-nyon.ch\/index.php?rest_route=\/wp\/v2\/pages\/2\/revisions"}],"predecessor-version":[{"id":19529,"href":"https:\/\/capitole-nyon.ch\/index.php?rest_route=\/wp\/v2\/pages\/2\/revisions\/19529"}],"wp:attachment":[{"href":"https:\/\/capitole-nyon.ch\/index.php?rest_route=%2Fwp%2Fv2%2Fmedia&parent=2"}],"curies":[{"name":"wp","href":"https:\/\/api.w.org\/{rel}","templated":true}]}}