{"id":2436,"date":"2016-10-11T17:59:41","date_gmt":"2016-10-11T17:59:41","guid":{"rendered":"http:\/\/capitole-nyon.ch\/?page_id=2436"},"modified":"2026-02-19T19:41:08","modified_gmt":"2026-02-19T19:41:08","slug":"impressum","status":"publish","type":"page","link":"http:\/\/capitole-nyon.ch\/?page_id=2436","title":{"rendered":"Impressum"},"content":{"rendered":"<p><strong><u>Adresse<br \/>\n<\/u><\/strong>Rue Neuve 5, 1260 Nyon, Canton de Vaud, Suisse<br \/>\nwww.capitole-nyon.ch<br \/>\nContact<br \/>\nT\u00e9l\u00e9phone: +41 22 566 30 71<br \/>\nEmail: info@capitole-nyon.ch<\/p>\n<p>&nbsp;<\/p>\n<p><strong><u>Soci\u00e9t\u00e9 d&rsquo;exploitation<br \/>\n<\/u><\/strong>Capitole Entertainment S\u00e0rl<br \/>\nRue Neuve 5, 1260 Nyon, Canton de Vaud, Suisse<\/p>\n<p>&nbsp;<\/p>\n<p><strong><u>Responsables <\/u><\/strong><\/p>\n<p>Adel Ben Farhat<br \/>\nadel.benfarhat@capitole-nyon.ch<\/p>\n<p>Martin Gruschka<br \/>\nmg@capitole-nyon.ch<\/p>\n<p>&nbsp;<\/p>\n<p><strong><u>Registre Suisse du Commerce<br \/>\n<\/u><\/strong>Raison sociale de la soci\u00e9t\u00e9 d\u2018exploitation: Capitole Entertainment S\u00e0rl<br \/>\nN\u00b0 d\u2018identification et de TVA:CH-550.1.096.732-6\/ CHE-464.868.227 TVA<\/p>\n<p>&nbsp;<\/p>\n<p><strong><u>Coordonn\u00e9es bancaires<br \/>\n<\/u><\/strong>Banque | Banque Cantonale Vaudoise<br \/>\nTitulaire du compte | CAPITOLE ENTERTAINMENT SARL<br \/>\nCCP: 10-725-4<br \/>\nClearing: 767<br \/>\nIBAN: CH7900767000C52751548<br \/>\nBIC: BCVLCH2LXXX<\/p>\n<p>&nbsp;<\/p>\n<p><strong><u>R\u00e9daction des textes et programmation cinema<br \/>\n<\/u><\/strong>Patrick Dentan<br \/>\ninfo@capitole-nyon.ch<\/p>\n<p>&nbsp;<\/p>\n<p><strong><u>Droit d&rsquo;auteur et droit des marques<br \/>\n<\/u><\/strong>Tous droits r\u00e9serv\u00e9s. Le contenu et la structure du site sont prot\u00e9g\u00e9s par les droits d&rsquo;auteur et voisins. Toute reproduction de visuels, logotypes, graphiques, fichiers audiovisuels et textes dans d&rsquo;autres publications \u00e9lectroniques ou imprim\u00e9es sont soumises \u00e0 l\u2019autorisation des ayants droits.<\/p>\n","protected":false},"excerpt":{"rendered":"<p>Adresse Rue Neuve 5, 1260 Nyon, Canton de Vaud, Suisse www.capitole-nyon.ch Contact T\u00e9l\u00e9phone: +41 22 566 30 71 Email: info@capitole-nyon.ch &nbsp; Soci\u00e9t\u00e9 d&rsquo;exploitation Capitole Entertainment S\u00e0rl Rue Neuve 5, 1260 Nyon, Canton de Vaud, Suisse &nbsp; Responsables Adel Ben Farhat adel.benfarhat@capitole-nyon.ch Martin Gruschka mg@capitole-nyon.ch &nbsp; Registre Suisse du Commerce Raison sociale de la soci\u00e9t\u00e9 d\u2018exploitation: <a class=\"btn btn-success btn-sm\" href=\"http:\/\/capitole-nyon.ch\/?page_id=2436\">Read More&#8230;<\/a><\/p>\n","protected":false},"author":1,"featured_media":0,"parent":0,"menu_order":0,"comment_status":"closed","ping_status":"closed","template":"","meta":[],"_links":{"self":[{"href":"http:\/\/capitole-nyon.ch\/index.php?rest_route=\/wp\/v2\/pages\/2436"}],"collection":[{"href":"http:\/\/capitole-nyon.ch\/index.php?rest_route=\/wp\/v2\/pages"}],"about":[{"href":"http:\/\/capitole-nyon.ch\/index.php?rest_route=\/wp\/v2\/types\/page"}],"author":[{"embeddable":true,"href":"http:\/\/capitole-nyon.ch\/index.php?rest_route=\/wp\/v2\/users\/1"}],"replies":[{"embeddable":true,"href":"http:\/\/capitole-nyon.ch\/index.php?rest_route=%2Fwp%2Fv2%2Fcomments&post=2436"}],"version-history":[{"count":8,"href":"http:\/\/capitole-nyon.ch\/index.php?rest_route=\/wp\/v2\/pages\/2436\/revisions"}],"predecessor-version":[{"id":19527,"href":"http:\/\/capitole-nyon.ch\/index.php?rest_route=\/wp\/v2\/pages\/2436\/revisions\/19527"}],"wp:attachment":[{"href":"http:\/\/capitole-nyon.ch\/index.php?rest_route=%2Fwp%2Fv2%2Fmedia&parent=2436"}],"curies":[{"name":"wp","href":"https:\/\/api.w.org\/{rel}","templated":true}]}}